 Let a(z) = 8*z**3 + 5*z**2 + 5*z - 9. Let q(n) = 6*a(n) + 7*m(n). Calculate the remainder when 98 is divided by q(-6).
32
Suppose -5*v + 251 + 54 = 0. Let z = 71 - v. What is the remainder when 39 is divided by z?
9
Let v = 486 - 318. What is the remainder when v is divided by 87?
81
Suppose -2*s + 51 = 5*q, q + 24 = 3*s - 10. Let b(y) = -4*y + 18. Calculate the remainder when b(-7) is divided by s.
7
Suppose -m = -172 + 17. What is the remainder when m is divided by 52?
51
Calculate the remainder when 227 is divided by 2/((-45)/6 - -7) + 42.
37
What is the remainder when (-7*2)/((-48)/240) is divided by 6?
4
Suppose -3*n - 127 = -s, -s - 4*n = -144 - 11. Suppose -76*m + 47*m + 64 = -226. Calculate the remainder when s is divided by m.
9
Suppose 51 = -0*w + 3*w. Let d = -29 - -53. Suppose 34*a - 30*a - d = 0. What is the remainder when w is divided by a?
5
Suppose -5*c = -2*c - 6. Suppose -97*t + 98*t = c. Calculate the remainder when 6 is divided by t.
0
Let k be (4/(-8))/(2/(-8)). Suppose 0 = -4*n - 0*c - k*c + 26, -3*c = 3*n - 21. Suppose 2*y - n = -4. Calculate the remainder when 3 is divided by y.
0
Let g = 555 + -515. What is the remainder when 150 is divided by g?
30
Let f = -822 + 844. What is the remainder when 48 is divided by f?
4
Let n(o) = -o**3 + 7*o**2 + 11*o - 8. What is the remainder when (10 - 9) + 59 + 1 is divided by n(8)?
13
Let j(s) = -4*s**3 - 10*s**2 - 10*s + 1. Calculate the remainder when 1*(3 + -3 + 22) is divided by j(-1).
2
Let g = -22 - -12. Let t = g - -14. Suppose 2 + 2 = 2*u. Calculate the remainder when t is divided by u.
0
Let f = -28 + 34. What is the remainder when (-170)/(-20) - (-9)/f is divided by (5/((-10)/(-12)))/1?
4
What is the remainder when (1 - -30) + (-4 + 2 - -4) is divided by 3?
0
Let r = -490 + 340. Let h = 69 - r. Calculate the remainder when h is divided by 37.
34
Suppose 4*z + 7 = -4*t - t, -42 = 4*z - 2*t. Let v = z - -109. What is the remainder when v is divided by 21?
17
Calculate the remainder when ((-3772)/184)/((-2)/12) is divided by 67.
56
Suppose -p = -0*p - 56. Suppose -5*c = -6*c + 9. Calculate the remainder when p is divided by (c/(18/116))/2.
27
Let j = 14 - 12. Let b(v) = -2*v + 4. Let k be b(j). Suppose 2*u - 8*u + 324 = k. Calculate the remainder when u is divided by 14.
12
Let y(g) = -g + 1. Let w(k) = -k**2 + 3*k - 2. Let s be w(2). Let l be y(s). Calculate the remainder when 42 is divided by (11 - l) + (-7 - -8).
9
Let g = -43 + 39. Let c = 9 - g. Calculate the remainder when 102 is divided by c.
11
Suppose -2*o + 3*c = -2*c - 303, -5*o = -5*c - 735. What is the remainder when o is divided by 19?
11
Suppose 2*c - 20 = -3*c. What is the remainder when (159/c)/(27/36) is divided by 28?
25
Suppose -3*l + 4*m + 2 = -20, 3 = -3*m. Calculate the remainder when 34 is divided by l.
4
Let c(p) = 3*p + 1. Let x be c(1). Let k = x - 0. Calculate the remainder when (11 - 128/10)/((-2)/20) is divided by k.
2
Let c = -40 - -78. Suppose -4 = 3*y + c. Calculate the remainder when 10 is divided by (-24)/(-21)*y/(-4).
2
Suppose 169 = 4*y - 179. Let g = -283 + 327. Calculate the remainder when y is divided by g.
43
Let l = -13 + 13. Let b = 14 - l. Calculate the remainder when b is divided by 8.
6
Suppose 160 = -5*j - 95. Let i = j + 67. Calculate the remainder when i is divided by 3.
1
Suppose 4*w = -3*s + 613, -2*w - w = 3*s - 618. What is the remainder when s is divided by 43?
39
Suppose 76 = r - 0*r. Suppose 2*f - 1 = 7. Suppose 0 = 5*q + f*u - 64, r = 5*q - 2*u + 3*u. What is the remainder when 47 is divided by q?
15
Let w = 6490 - 6446. What is the remainder when -1 - 0 - (-128 - 2) is divided by w?
41
Let g(q) = 5*q**3 - 7*q**2 - 4. Let v(c) = -11*c**3 + 14*c**2 - c + 8. Let m(p) = 13*g(p) + 6*v(p). What is the remainder when m(-7) is divided by 13?
12
Suppose b + 52*s = 57*s + 354, 0 = -5*b + 5*s + 1750. Calculate the remainder when b is divided by 32.
29
Suppose 560 = 4*s + a, -5*s - 11*a + 675 = -16*a. What is the remainder when s is divided by 66?
7
Suppose 0 = -3*c + 434 - 353. Calculate the remainder when c is divided by 10.
7
Let t = -7 + 29. Suppose 2*y = 3*b + 64 + 93, -3*b = y - 74. Let v = y + -36. What is the remainder when v is divided by t?
19
Let p(u) = u**2 - 4*u + 2. Let q be 4 - (0 + -1 + 1). Let m be p(q). Calculate the remainder when (m + 14/(-6))*-258 is divided by 22.
20
What is the remainder when 103 is divided by 9/(-36) - 1043/(-28)?
29
What is the remainder when 53 is divided by -36*-1*(-12)/(-16)?
26
Suppose -7*t - 106 = -442. What is the remainder when 93 is divided by t?
45
Let d(c) = c**3 - c**2 - 2*c + 3. Calculate the remainder when 37 is divided by d(2).
1
Suppose 2*g - 390 = -m + 69, g - 212 = 3*m. Calculate the remainder when g is divided by 39.
32
Let r(a) = a**3 - 4*a**2 + 2*a + 7. Let b be r(4). Let g = b + -10. Calculate the remainder when g is divided by 1/3 + 24/9.
2
Let y(j) = 21*j - 35. Calculate the remainder when 97 is divided by y(4).
48
Suppose 394*o = 404*o - 1480. What is the remainder when o is divided by 60?
28
Let u(h) = -h**2 + 6*h - 5. Let y be u(3). Suppose y*v + 3*s - 98 = 62, 5*v + 5*s = 205. Let g = v - 30. What is the remainder when g is divided by 5?
2
Suppose 6*u - 5 - 7 = 0. What is the remainder when 95 is divided by u/(-7) - (184/(-7) + 2)?
23
Suppose -540 = -13*x + 916. Let z = -85 + x. What is the remainder when 94 is divided by z?
13
Let c be (12/10)/((-9)/(-5) + -2). Calculate the remainder when 62 is divided by (-2 - (-7)/(-2))*c.
29
Suppose 42*c = 39*c + 162. What is the remainder when c is divided by 8?
6
Let v = -670 + 681. What is the remainder when 1097 is divided by v?
8
Let k be (-1065)/(-11) + 10/55. Suppose k + 79 = 8*t. Let q = 82 + -39. Calculate the remainder when q is divided by t.
21
Suppose 2*j - j - 5*a = 22, 0 = j - a - 18. Suppose -3*f + 5*o - 1 = 0, 4*f - 3*o - 9 = f. What is the remainder when j is divided by f?
1
Let b(c) = -2*c**3 + c**2 - 10. Let r be b(-5). Suppose 14*a - r = 9*a. Calculate the remainder when a is divided by 14.
11
Suppose -2*s = -5*f + 1769, 7*s = -4*f + 6*s + 1410. Calculate the remainder when f is divided by 31.
12
Let a be ((-18)/(-36))/(2/164). Let r = a - 35. Calculate the remainder when 15 is divided by r.
3
What is the remainder when (-41)/(-3)*(-264)/(-88) is divided by 34?
7
Suppose 4 = 4*d - 72. Suppose 3*j + 2*u = 390, 0 = 5*j - 2*u - 514 - 152. Calculate the remainder when j is divided by d.
18
Let a = -273 - -287. What is the remainder when 1062 is divided by a?
12
Let u(m) = -m**3 + 9*m**2 + 3*m - 9. Calculate the remainder when u(-4) is divided by 9.
7
Suppose 7*i - s = 347, 69 = i - 10*s + 5*s. Suppose 2*d = -5*f + 56, 3*f - 27 = 4*d - 3*d. What is the remainder when i is divided by f?
9
Suppose 2*p - 123 = -3*j, -13 = -5*p + 2. Suppose -3*f + 42 + j = 0. Calculate the remainder when 133 is divided by f.
25
Suppose 0 = -q + 6*q - 860. Let j = -121 + q. Suppose 21 = 2*l - 3*u - 14, 3*u + j = 3*l. What is the remainder when 61 is divided by l?
13
Suppose -9*m = -4*m - 1200. What is the remainder when m is divided by 58?
8
Calculate the remainder when 8/6*((-28236)/(-8))/13 is divided by 26.
24
Suppose 13 + 95 = -u. What is the remainder when 24 is divided by (-3)/9*(-3 + u/3)?
11
Let x be ((-6)/4)/(21/(-28)). Suppose 0*u - x*u = -18. Suppose -5*a = -3*v + 4, 3*a - 6*v = -2*v - u. What is the remainder when 3 is divided by a?
0
Let c be 1 + (-9)/3 + 2. Suppose 2*i - u - 7 = c, 4*i - u - 4*u + 1 = 0. Let t = 22 + 0. Calculate the remainder when t is divided by i.
4
Let p(r) = 2*r - 4. What is the remainder when 101 is divided by p(15)?
23
Suppose -4*l = -0*l + 3*r - 39, l - 3*r = -9. Suppose -25*y + 27*y - 6 = 0, -3*p + 60 = 3*y. Calculate the remainder when p is divided by l.
5
Let d(t) = -2*t**3 + 18*t**2 + 8*t - 5. Let k be d(-12). Calculate the remainder when 144 is divided by k/285 + 2/15.
18
Suppose -4*l = -21*l + 2278. Calculate the remainder when l is divided by 35.
29
Let v be 1 + -2 + 4 + 2. Suppose -v*r + 138 = 18. What is the remainder when 46 is divided by r?
22
Let f(p) = -5*p + 158 + 15*p**2 - 162 + 5*p**2. Calculate the remainder when 79 is divided by f(-1).
16
Suppose 0 = 3*q + 105 - 174. Calculate the remainder when 115 is divided by q.
0
L